 + k + 99 = 0. Is y composite?
False
Let u(g) = 7*g**2 + 8*g - 5. Is u(-8) composite?
False
Is ((-21)/12)/(-1)*22*2 prime?
False
Let y = 6 + 14. Is 4670/y*(3 + -1) composite?
False
Let a = 406 + -276. Is (5 - 6)/((-2)/a) composite?
True
Suppose 700 = p + 5*a - 101, 4*p = -3*a + 3238. Is p prime?
True
Let f = -5 + 5. Suppose 4*j - 16 = -f*j. Suppose 2*n + 2*z = 192, 5*n - 81 = j*n + 4*z. Is n composite?
True
Suppose -2*y + 12 = 2. Suppose 328 = y*z - 1537. Is z a composite number?
False
Suppose 5*r - 6*a = -9*a + 8221, -a - 1641 = -r. Is r a composite number?
True
Suppose 2 = -g + 4. Suppose -c + 2*v + 20 = 0, -19 = -g*c - 0*c - 3*v. Is 746/14 + (-4)/c a prime number?
True
Let g(j) = -5*j. Let l be g(-1). Suppose l*q = -4*b + 14, 3 = 3*q + b - 4. Suppose 5 = h, q*v - 2 = 4*h + 8. Is v composite?
True
Let l be (1119/2)/(2/4). Suppose 0 = -4*c + l + 413. Is (-2)/3 + c/3 composite?
False
Let t(f) = 143*f - 2. Let m be t(2). Suppose 5*c = 11 + m. Is c prime?
True
Suppose -2*q + 4*q + 2*w = 36, 3*q - 74 = 2*w. Suppose 0 = y - q - 37. Is y prime?
True
Let v be ((-24)/28)/((-1)/7). Suppose -v = -w - t, -t = -3*t + 6. Is -287*(2 + (-9)/w) a prime number?
False
Is 7/(42/1272) + -1 prime?
True
Let a be 1/(3 + 0)*15. Suppose 2 - 17 = -a*s. Suppose s*b + b - 180 = -4*v, 3*b = -4*v + 133. Is b composite?
False
Let i be 10994/(-10) - 36/60. Let o = i - -1897. Is o composite?
False
Suppose -q = 4*h - 40, -3*h + 3*q - 4*q = -29. Let l = 66 + h. Is l composite?
True
Suppose -2*a + 4*a - 8 = 0. Suppose -5*d - 3*m = -6*d + 9, 3*d - 5*m - 19 = 0. Suppose 4*n - a*f - 11 - 13 = 0, 17 = 2*n + d*f. Is n a composite number?
False
Let t(z) = 5*z**2 + 6*z - 10. Let d be (-3)/2*1*6. Is t(d) a prime number?
False
Let w be -5 - -2 - -1 - 75. Let q = w + 130. Is q composite?
False
Suppose j = 4*t + 12, 0 = 3*t - 1 + 10. Suppose -16 = -2*s - 2*h, -3*h = -j*s - 3*s. Suppose s*l - w - 72 = 0, l + w = 3*w + 11. Is l a prime number?
True
Suppose 5*w + 4*p = 14, -p + 4*p = w + 1. Suppose 0 = 6*s - w*s - 228. Suppose 0 = 2*f + a - s, -a + 4*a + 46 = f. Is f prime?
True
Let d = 339 - -8. Suppose -3*j + d = 2. Is j a composite number?
True
Let c(i) = -32*i - 19. Is c(-13) a prime number?
True
Suppose -3*h = -3*l - 21, -2*l + 2*h - 7 = 7*h. Let i = 19 + l. Is i prime?
True
Suppose -5*s + 257 + 192 = -2*c, 0 = c + 2. Let o = s + 26. Is o a composite number?
True
Let m(d) = -3*d + 3. Let y(j) = 7*j - 7. Let u(h) = -5*m(h) - 2*y(h). Let v(a) = -a. Let p(r) = u(r) - 5*v(r). Is p(8) a prime number?
True
Let f = -11 - -17. Suppose f*y + 340 = 10*y. Is y prime?
False
Let h(n) = 42*n**2 - 2*n. Let w(u) = -3*u - 1. Let z be w(-1). Let f be h(z). Let r = -81 + f. Is r a prime number?
True
Let x = 2851 - 1972. Is x prime?
False
Let r(j) = -163*j**2 - j - 4. Let i be r(7). Is i/(-21) + 2/14 composite?
True
Suppose -m + 15 = 4*m. Let u be 6 - m/(1 - 0). Suppose -45 = -o - 2*s, u*s + 0*s - 9 = 0. Is o prime?
False
Let z be 54 + 2 + (4 - 2). Is 0 - z*(-9)/6 a composite number?
True
Suppose 4*a = 2*u - 858, a + 424 = u - 0*u. Is u prime?
True
Suppose -3*r + 23 - 8 = 0. Suppose 0*t - 165 = -r*t. Is t a composite number?
True
Suppose -5*w = -2*w - 2049. Suppose m - w = -0*m. Is m a prime number?
True
Let c(z) = -5*z**3 + 7*z**2 + 3*z - 6. Is c(-5) a composite number?
True
Let h = 16 + -5. Is h a prime number?
True
Suppose -5*p + 4 = -2*p - 2*g, 3*g = 3*p. Suppose c + 0*c - 130 = -p*t, c - 2 = 0. Let s = 65 + t. Is s composite?
False
Suppose y - 3*y = 270. Is (-34947)/y - (-2)/15 a prime number?
False
Let c = -9 + 15. Let q = c + -10. Is ((-483)/(q + 1))/1 composite?
True
Let f(c) be the third derivative of 7*c**6/60 - c**5/30 + 5*c**4/24 - 2*c**3/3 + 9*c**2. Is f(3) a prime number?
False
Let x(c) = c**2 - c - 1. Let t be x(2). Let f be (-2 + 2)/(1/t). Suppose f = 4*o - 2*r - 152 - 52, -5*r - 33 = -o. Is o a composite number?
False
Suppose 0*n + 7*n - 4858 = 0. Is n composite?
True
Let u(m) = -m**3 - 6*m**2 - 5*m + 3. Let l(y) = y**2 + y. Let o(w) = 4*l(w) + u(w). Let d = 0 + -3. Is o(d) prime?
False
Let f(r) = -r**3 - r**2 - r + 3. Let m(y) = y**3 - 7*y**2 + y - 7. Let a be m(7). Let l be f(a). Let k(h) = 4*h - 1. Is k(l) a composite number?
False
Suppose 2*i = -3*m + 37, -m - 3*m = -2*i + 2. Suppose -a = -u + 22, -a = 3*u + i - 65. Is u prime?
True
Is 33/((-1)/((-6)/9)) prime?
False
Let h(x) = -x - 1. Let z be h(8). Let v be (-10)/(4/2)*z. Is 1675/v - 2/9 a prime number?
True
Is 6 + 1 + -5 + 629 composite?
False
Is ((-6)/24)/(1/(-356)) a prime number?
True
Suppose 5*l = -2*o + 354, -3*l - 218 = -o - 63. Suppose -4*z + 115 = h, 2*z + 681 - o = 4*h. Is h composite?
False
Let t = -7 + 15. Let m = 22 - t. Is ((-21)/(-6))/(1/m) prime?
False
Let p(v) = -27*v + 4 - 5 + 3 + 8. Is p(-5) a composite number?
True
Is 12/(4 + -1) + 501 a prime number?
False
Suppose -3*j - 3*k + 6 = -2*j, -52 = 3*j - 5*k. Let y(u) = u**2 + 12*u + 12. Let s be y(j). Is (-102)/s + 1/5 a composite number?
False
Let j = 21 - 35. Let a = j - -25. Suppose -q = -a - 72. Is q prime?
True
Let b = 1918 - 1330. Suppose 3*a - 2*c = 466, 167 + b = 5*a + c. Let i = a + -73. Is i prime?
True
Let z = -6 + 6. Suppose 3*a - 4 - 8 = z. Is a composite?
True
Let j = 163 + 716. Is j a composite number?
True
Let t = -1739 + 2944. Is t a prime number?
False
Let u(q) = -q**3 - 8*q**2 - 8*q - 3. Let a be u(-7). Suppose 0 = l + a*d - 5 - 4, -d = -3*l + 66. Is l composite?
True
Let w be (-31 + 1)*(-588)/20. Is w/15 + 4/20 a prime number?
True
Let w be 79/1 + 0 + -1. Suppose -2*t - t + 51 = -3*y, -4*t + w = y. Is t a prime number?
True
Suppose 0 = -24*a + 29*a - 4605. Is a prime?
False
Suppose 4*x = 12, -r - 7 = -5*x + 4. Suppose r*n + 4*f - 376 = 0, -2*n + 2*f + 358 = 2*n. Is n composite?
True
Suppose -q = 2*q - 381. Is q a prime number?
True
Suppose 3*k + y - 739 = -80, 658 = 3*k + 2*y. Let j(b) = b**3 - 13*b**2 + 6*b - 3. Let a be j(12). Let q = a + k. Is q a prime number?
False
Let g(z) = z**2 + z - 2. Let i be g(-2). Let c = 4 + i. Suppose 3*x + 38 = c*x. Is x a composite number?
True
Suppose 0 = -t - 2*t - 3*z + 231, 162 = 2*t - 2*z. Is t a prime number?
True
Let a be 8/(-5)*25/(-10). Is ((-2065)/28)/((-1)/a) a composite number?
True
Let s be 5 + -2 + (5 - -57). Let v = s - 7. Is v composite?
True
Suppose 6 = -4*u + 14. Suppose 17 = -u*c - 4*d + 55, -5*c + 110 = 5*d. Is c composite?
True
Suppose 4*z + 2*a = 3*z + 10, 4*z + 2*a - 46 = 0. Let t = -9 + 17. Is (t/z)/(4/294) a prime number?
False
Suppose 2*k - k - 157 = 0. Is k a prime number?
True
Suppose 4*v - 836 = -0*v. Is v composite?
True
Let q(w) be the third derivative of w**2 + 0 + 1/12*w**4 + 0*w - 1/3*w**3. Is q(8) a prime number?
False
Suppose -4*l + 48 = h - 2*h, 0 = -4*h. Suppose 4*i + 0*i + 4*u = l, 4 = -4*u. Let o(f) = -f**3 + 5*f**2 - f - 1. Is o(i) composite?
False
Let m = -1 + 11. Is m a composite number?
True
Let t be 20/(-8) - (0 - 3/2). Suppose 91 = 2*v + 447. Is v/(-4)*-2*t a composite number?
False
Let x(g) = -8*g. Let y be x(-1). Let i(n) = n**3 - 7*n**2 - 6*n + 6. Is i(y) prime?
False
Let h = -914 - -5243. Let s = h - 3076. Is s composite?
True
Suppose 0*x + 5*a = 2*x - 5, 11 = 3*x - 4*a. Let j = 7 - x. Is 55 + (j - (4 + 0)) a composite number?
False
Let z(k) = -k**3 - 8*k**2 + 10*k + 11. Let b be z(-9). Suppose -b*c + 69 = -41. Is c prime?
False
Let t be ((-8)/6)/(6/(-9)). Let v = -2 + t. Suppose 4*a = -2*d + 20, -28 = -v*a - 3*a + 5*d. Is a prime?
False
Let t(v) = -20*v**3 + 4*v**2 - 4*v - 5. Is t(-4) composite?
True
Let v(s) = s**2 + 5*s + 9. Suppose 0 = 4*t - 5*g + g + 36, -t + 2*g - 11 = 0. Let n be v(t). Let b = -2 + n. Is b composite?
True
Let q(n) = 1 - 19*n**2 + n**3 + n + n**2 + 9*n**2. Is q(10) composite?
True
Suppose 6*h = -c + 2*h + 22, 25 = 5*h. Is 3/(c + 1)*37 a composite number?
False
Let u(p) = -p - 1. Let l be u(-6). Suppose -l*k = -4*q + 23, -5*q + 3*q = -k - 13. Is q prime?
True
Suppose 12*r = 13*r - 405. Let x = r + -264. Is x a composite number?
True
Suppose 20 = 5*f, -j - 6 = -3*f + 8. Let w = -18 + 92. Is (w/4)/((-1)/j) a prime number?
True
Suppose -2*m = -3*m. Let h(s) = s**2 + s + 55. Is h(m) a prime number?
False
Suppose 0 = -0*z + 3*z - 18. Suppose 0*g - 2*g + z = 0. Suppose -2*d - 91 = -g*d. Is d prime?
False
Suppose -8*z = -3*z + 15. Suppose -a = -3